{"id":4316,"date":"2025-01-03T11:37:55","date_gmt":"2025-01-03T11:37:55","guid":{"rendered":"https:\/\/plasticfibre.com\/?post_type=product&#038;p=4316"},"modified":"2025-03-05T08:07:53","modified_gmt":"2025-03-05T08:07:53","slug":"plasticrin-pvc","status":"publish","type":"product","link":"https:\/\/plasticfibre.com\/?product=plasticrin-pvc","title":{"rendered":"<div class=\"notranslate\">Plasticrin: PVC<\/div>"},"content":{"rendered":"<p>La fibra in PLASTICRIN \u00e8 il nostro monofilo tradizionale che produciamo da oltre 60 anni, raggiungendo un livello superiore di Qualit\u00e0.<br \/>\nL\u2019eccellente Ritorno Elastico, Rigidit\u00e0 e soprattutto l\u2019ottima Piumabilit\u00e0 garantiscono l\u2019idoneit\u00e0 per una vasta gamma di applicazioni. Inoltre \u00e8 un materiale Ignifugo pertanto pu\u00f2 essere utilizzato per la realizzare prodotti Speciali come ad esempio decorazioni natalizie.<\/p>\n","protected":false},"excerpt":{"rendered":"<p>La fibra in PLASTICRIN \u00e8 il nostro monofilo tradizionale che produciamo da oltre 60 anni, raggiungendo un livello superiore di Qualit\u00e0. L\u2019eccellente Ritorno Elastico, Rigidit\u00e0 e soprattutto l\u2019ottima Piumabilit\u00e0 garantiscono l\u2019idoneit\u00e0 per una vasta gamma di applicazioni. Inoltre \u00e8 un materiale Ignifugo pertanto pu\u00f2 essere utilizzato per la realizzare prodotti Speciali come ad esempio decorazioni [&hellip;]<\/p>\n","protected":false},"featured_media":2824,"template":"","meta":[],"product_cat":[183,190,192,193,195,201,207,208,209],"product_tag":[],"class_list":{"0":"post-4316","1":"product","2":"type-product","3":"status-publish","4":"has-post-thumbnail","6":"product_cat-senza-categoria","7":"product_cat-07-ragnatori","8":"product_cat-09-scope-per-interni","9":"product_cat-10-scope-per-moquette","10":"product_cat-12-spazzole-con-paletta","11":"product_cat-18-pennelli-e-pennellesse","12":"product_cat-24-alberi-natalizi","13":"product_cat-25-festoni-e-ghirlande","14":"product_cat-26-piste-da-sci","16":"first","17":"instock","18":"shipping-taxable","19":"product-type-simple"},"_links":{"self":[{"href":"https:\/\/plasticfibre.com\/index.php?rest_route=\/wp\/v2\/product\/4316","targetHints":{"allow":["GET"]}}],"collection":[{"href":"https:\/\/plasticfibre.com\/index.php?rest_route=\/wp\/v2\/product"}],"about":[{"href":"https:\/\/plasticfibre.com\/index.php?rest_route=\/wp\/v2\/types\/product"}],"wp:featuredmedia":[{"embeddable":true,"href":"https:\/\/plasticfibre.com\/index.php?rest_route=\/wp\/v2\/media\/2824"}],"wp:attachment":[{"href":"https:\/\/plasticfibre.com\/index.php?rest_route=%2Fwp%2Fv2%2Fmedia&parent=4316"}],"wp:term":[{"taxonomy":"product_cat","embeddable":true,"href":"https:\/\/plasticfibre.com\/index.php?rest_route=%2Fwp%2Fv2%2Fproduct_cat&post=4316"},{"taxonomy":"product_tag","embeddable":true,"href":"https:\/\/plasticfibre.com\/index.php?rest_route=%2Fwp%2Fv2%2Fproduct_tag&post=4316"}],"curies":[{"name":"wp","href":"https:\/\/api.w.org\/{rel}","templated":true}]}}